*v + 4*q - 20 = 0, 0 = -n*v + 4*q + 18 - 6. Suppose -3*k - 2*k - v*r + 450 = 0, -2*k = r - 177. What is the units digit of k?
6
Suppose -3*b = -5*r - 61568, 11*b + 2*r - 252033 = -26243. What is the tens digit of b?
2
Let c(q) = 11*q**2 - 199*q + 7086. What is the hundreds digit of c(47)?
0
Let z(s) = 145*s + 4267. What is the hundreds digit of z(200)?
2
Let a(s) = 14*s**2 + 4 + s**3 + 13*s + 12 + 3. Let y be -3 + -3 + (1 - 0)*-7. What is the units digit of a(y)?
9
Suppose -3*g + 17 = 2*d, 0 = 3*d + 4*g - 2 - 22. Let r = 20 + -20. Suppose -2*n = -10, -d*n - 222 = -2*a - r*n. What is the hundreds digit of a?
1
What is the hundreds digit of (9072/(-1764))/(1/(-1092))?
6
Let c be (-8)/(-6)*(14 + -32). Let x = -24 - c. What is the units digit of (1 - x)*(22 + -1)?
1
What is the units digit of 2132 + (684/(-117) - 8/52)?
6
Let w(y) = y**3 + 13*y**2 + y + 14. Let h be w(-13). Suppose 0 = -4*u - 3*z - 26, -u + 4*z - h = -4. What is the hundreds digit of (u/(-45))/((-2)/(-6))*423?
1
Suppose -90*p + 102*p = 88380. What is the hundreds digit of p?
3
Let t be (-240)/140 + (-2)/7. What is the tens digit of ((-4168)/(-48))/(t/(-12))?
2
Let n(y) = -3*y + 108. Suppose -2*h + 1 = d, -17 = -h - 13. What is the tens digit of n(d)?
2
What is the hundreds digit of 1/3*(-966)/(-46) + 39184?
1
What is the tens digit of (-4377)/2*(250/(-15) - -16)?
5
Suppose z - 8192 - 808 = -2*l, l = -3*z + 4505. What is the thousands digit of l?
4
Suppose -3*s + u - 429 + 1337 = 0, -s + u = -298. What is the units digit of s?
5
Suppose -113 - 303 = -2*i. Let h(y) = 2*y**3 - y**2 + 2*y - 10. Let t be h(6). Let r = t - i. What is the hundreds digit of r?
1
Let t = 112 - 109. Let x(q) = q**2 + 2*q. Let m be x(-2). What is the tens digit of 96/9*(t - (0 - m))?
3
Let g be 1/((-3)/(-63 + -3)). Suppose -20 = -5*x + 3*q, 0*x = x + 3*q - g. Suppose -x*c + 324 = -3*c. What is the tens digit of c?
8
Suppose 0 - 6 = -2*s. Suppose -g = -2*a + g, -a = -s*g. Let o(k) = -2*k**3 - k**2 + 9. What is the units digit of o(a)?
9
Let h(s) = 62*s**2 - 178*s - 2270. What is the units digit of h(-12)?
4
Let n(b) = 18*b - 81. Let i be n(18). Let c(t) = 47*t - 4. Let p be c(-2). Let a = i + p. What is the tens digit of a?
4
Let m(p) = -1 - 6*p - 7 - p**2 + 4 - 2. Let v be m(-3). Suppose -605 = -8*y + v*y. What is the hundreds digit of y?
1
Let o(d) = 25*d**2 - 4*d - 16. Let g be o(-4). Suppose -4*z = t - 5*z - g, 0 = -3*t + z + 1202. What is the tens digit of t?
0
Let s = 961 + 730. Let t = s + -994. What is the hundreds digit of t?
6
Let a(h) = 3*h + 87. Let n be a(-29). Suppose -5*m + 4729 + 2496 = n. What is the hundreds digit of m?
4
Suppose 76*d - 156923 - 1180756 = 290241. What is the units digit of d?
0
Let n be 28/(-154) + ((-738)/33)/(-2). Let i = 78 + n. What is the tens digit of i?
8
Suppose k - 42 = -45. What is the units digit of (-90715)/(-95) + (275/(-95) - k)?
5
What is the hundreds digit of (6/12)/((-1)/(-19258)) - 87/(-29)?
6
Let d be 5 - -374 - (-6 + 10). Let j = d + 966. What is the tens digit of j?
4
Suppose 0 = 48*b - 46*b + i - 17059, -4*b + 3*i = -34093. What is the thousands digit of b?
8
Let v = -39 + 33. What is the units digit of 1 - (-740)/44 - v/33?
8
Let u = -273 + 502. Let z = 323 - u. Let i = z + -31. What is the units digit of i?
3
Let l(y) = 4*y**2 + y. Let h be l(-1). Suppose 5*f = 2*f - q + 1102, -2*q + 1100 = h*f. What is the hundreds digit of f?
3
Let s(r) = -r**2 + 3*r - 24. Let q(d) = -2*d**2 + 7*d - 47. Suppose 0 = 4*g - 4 - 20. Let j(t) = g*q(t) - 13*s(t). What is the units digit of j(0)?
0
Let r be 24/36*(-18)/(-4). Suppose r*n - 2*n - 2 = 0. Suppose -3*k - 57 = -n*q, 0*q = -3*q + k + 96. What is the units digit of q?
3
Let a be 260 - (3/(-5) - (-2)/(-5)). Suppose b - a = -78. What is the tens digit of b?
8
Let v = 6733 + -3134. What is the hundreds digit of v?
5
Let w = -11397 - -11388. Let h(g) be the third derivative of g**5/60 + g**4/12 - 31*g**3/6 + g**2. What is the units digit of h(w)?
2
Let p(n) = n**3 - 63*n**2 + 313*n - 153. What is the tens digit of p(62)?
0
Suppose 0 = 2*u - 5*y + 20, 6*y - 3*y - 12 = -2*u. Suppose u = 2*s - 2*l - 1214, -3*s + 1815 = 10*l - 7*l. What is the units digit of s?
6
Suppose 0 = 4*f + 3*i + 2000, -20*i + 15*i = 0. Let v = f - -1182. What is the units digit of v?
2
Let l be -1 - (-22 - (-28)/4). Suppose -565 - 8983 = -l*d. What is the hundreds digit of d?
6
Let i = 49207 + 4116. What is the ten thousands digit of i?
5
Let v(d) = d**3 - 7*d**2 - 9*d + 11. Let p be v(8). Suppose p*x - 4*y = 12, 5*x - y - 3 = 4*x. Suppose x = -3*k + 409 - 118. What is the tens digit of k?
9
Suppose 0 = -2*m - 4*o - 798, -6*o + 1596 = -4*m - o. Let r = -355 - m. What is the units digit of r?
4
Let n(t) = t**2 - 14*t + 15. Let x be n(13). What is the tens digit of 108/(-3 + x)*(-189)/54?
7
Let y = -685 - -689. What is the tens digit of y/30 - 200239/(-195) - 1?
2
Suppose -7*o + 470329 = 20*o - 48989. What is the tens digit of o?
3
Let b(t) = t**2 - 2*t + 3. Let j be b(0). Suppose 0 = -j*z - 20 + 11. What is the tens digit of 764/12 - 1/z?
6
Let p = -96689 + 169801. What is the hundreds digit of p?
1
Let s(m) = -42*m + 405 - 57*m - 37*m. What is the tens digit of s(-6)?
2
Let z = -41 - -43. Suppose 161 = -z*g + 743. Suppose 2*w + 354 = 7*l - 2*l, -g = -4*l - w. What is the tens digit of l?
7
Let s be (-2)/(-6) - (-6)/9. Let c(d) be the first derivative of 129*d**2/2 - 3*d + 1270. What is the hundreds digit of c(s)?
1
Suppose 0 = -3*b - 50 - 4. What is the tens digit of b*(-3 - -7 - 65/3)?
1
Suppose 371 = 5*g - 4*v, 2*g - 103 = v + 46. Let h(a) = -g*a + 13*a**2 - 15 - 5 - a**3 + 58*a. What is the units digit of h(8)?
4
Let h = 16757 - 1780. What is the units digit of h?
7
Let d(s) = 5 + 2*s + 15*s**2 + 22 + s**3 + 7*s**2 - 35*s**2. What is the hundreds digit of d(14)?
2
Let g(i) = 5*i**3 + 15*i**2 + 15*i - 181. What is the thousands digit of g(7)?
2
Suppose -10 = -7*r + 11. Suppose -v - 4*y = -11, -r*y = -v - 4*y + 5. What is the tens digit of (1/(-1 - 0))/(v/(-174))?
5
Let w(f) = 2*f**3 + 6*f**2 - 14*f + 9. Let m = -76 - -84. Let t be w(m). Suppose -t = -5*k - 4*k. What is the units digit of k?
5
Let b = -6056 - -7266. What is the units digit of b?
0
Let x = -28524 - -50706. What is the units digit of x?
2
Suppose -72 = -0*n - 12*n. Let a(f) = 65*f + 2. What is the units digit of a(n)?
2
Let g = 142838 - 85281. What is the hundreds digit of g?
5
Suppose -6*l + 108 - 42 = 0. Suppose 2668 = l*v - 7*v. What is the units digit of v?
7
Let t(m) = -12*m**3 + 2*m**2 + m - 10. Let o be t(-4). What is the tens digit of o/(-3*1/(-2)*1)?
2
Suppose -p = 8*g - 3*g - 16, 12 = 5*g - 3*p. Let i(j) = j**2 + 23*j + 128. Let w be i(-19). Suppose -g*c = c - w. What is the units digit of c?
3
Suppose -3*v = -5 + 2. Let g be v/2*(55/5 - 7). Suppose -g*h = -57 - 43. What is the tens digit of h?
5
What is the tens digit of (1 - 570)/(3/((-39)/79) - -6)?
9
Let q be (-5)/10 - 1/2. Let g be (2/(-2))/(-1) - q. Suppose k - 3*l - 66 = 0, 0*k = -2*k - g*l + 132. What is the tens digit of k?
6
Let m = 73 - 67. Suppose 16008 = -m*n + 29*n. What is the units digit of n?
6
Suppose -228 = 21*u - 1803. What is the thousands digit of 1*-3 - (-83100)/u?
1
Let z be (-744)/(-10) - 2/10*2. Suppose 0 = -9*s + 29 - z. What is the hundreds digit of 4*((-4125)/20)/s?
1
Let r(k) = 62*k - 168. Let n(t) = t**3 - 5*t**2 - 11*t - 9. Let f be n(7). What is the tens digit of r(f)?
7
Suppose c - 55832 = -x, 14*c = -5*x + 11*c + 279162. What is the units digit of x?
3
Let z be ((-2)/(-10) + -1)/(((-13)/465)/13). Suppose 660 = -3*q + 21. Let b = q + z. What is the hundreds digit of b?
1
Let z = -32401 - -53993. What is the units digit of z?
2
What is the ten thousands digit of ((-11985)/45)/(3 + 1356/(-450))?
1
Let r be (-8)/(0 + (-1)/2*4). Let z(p) = 10*p**2 + 6*p - 2. Let v be z(r). Suppose -3*d + 922 = 5*c, -v = -2*c + c - 3*d. What is the tens digit of c?
8
Let o be 3/(8/(-3 + 11)). Suppose 4*i - 891 = s + 6680, 0 = -3*s + o. What is the thousands digit of i?
1
Suppose 5*h + 4*u = 36, -2*h + 10 = 2*u - 6. Suppose h*z - 590 = -3*a, 605 = 5*a - z - 386. What is the tens digit of a?
9
Let d(u) = -66*u**3 + 4*u**2 + 4*u + 2. Let a(m) = -m**2 + 11*m - 20. Let l be a(9). What is the units digit of d(l